{"id":5,"date":"2016-11-08T14:13:52","date_gmt":"2016-11-08T13:13:52","guid":{"rendered":"http:\/\/petales-france.fr\/?page_id=5"},"modified":"2026-02-08T18:28:09","modified_gmt":"2026-02-08T17:28:09","slug":"accueil","status":"publish","type":"page","link":"https:\/\/petales-france.fr\/","title":{"rendered":"Accueil"},"content":{"rendered":"<div id=\"pl-5\"  class=\"panel-layout\" ><div id=\"pg-5-0\"  class=\"panel-grid panel-no-style\" ><div id=\"pgc-5-0-0\"  class=\"panel-grid-cell\" ><div id=\"panel-5-0-0-0\" class=\"so-panel widget widget_sow-editor panel-first-child\" data-index=\"0\" ><div\n\t\t\t\n\t\t\tclass=\"so-widget-sow-editor so-widget-sow-editor-base\"\n\t\t\t\n\t\t>\n<div class=\"siteorigin-widget-tinymce textwidget\">\n\t<p class=\"Textepied-pagebeige\" style=\"text-align: center;\"><img loading=\"lazy\" decoding=\"async\" class=\"aligncenter wp-image-642 size-large\" src=\"http:\/\/petales-france.fr\/wp-content\/uploads\/2017\/03\/mots_homepage_petalesfrance_attachement-1024x479.png\" alt=\"\" width=\"750\" height=\"351\" srcset=\"https:\/\/petales-france.fr\/wp-content\/uploads\/2017\/03\/mots_homepage_petalesfrance_attachement-1024x479.png 1024w, https:\/\/petales-france.fr\/wp-content\/uploads\/2017\/03\/mots_homepage_petalesfrance_attachement-300x140.png 300w, https:\/\/petales-france.fr\/wp-content\/uploads\/2017\/03\/mots_homepage_petalesfrance_attachement-768x359.png 768w, https:\/\/petales-france.fr\/wp-content\/uploads\/2017\/03\/mots_homepage_petalesfrance_attachement-100x47.png 100w, https:\/\/petales-france.fr\/wp-content\/uploads\/2017\/03\/mots_homepage_petalesfrance_attachement-150x70.png 150w, https:\/\/petales-france.fr\/wp-content\/uploads\/2017\/03\/mots_homepage_petalesfrance_attachement-200x94.png 200w, https:\/\/petales-france.fr\/wp-content\/uploads\/2017\/03\/mots_homepage_petalesfrance_attachement-450x210.png 450w, https:\/\/petales-france.fr\/wp-content\/uploads\/2017\/03\/mots_homepage_petalesfrance_attachement-600x281.png 600w, https:\/\/petales-france.fr\/wp-content\/uploads\/2017\/03\/mots_homepage_petalesfrance_attachement-900x421.png 900w\" sizes=\"auto, (max-width: 750px) 100vw, 750px\" \/><\/p>\n<h4 style=\"text-align: center;\"><\/h4>\n<\/div>\n<\/div><\/div><div id=\"panel-5-0-0-1\" class=\"so-panel widget widget_sow-editor panel-last-child\" data-index=\"1\" ><div\n\t\t\t\n\t\t\tclass=\"so-widget-sow-editor so-widget-sow-editor-base\"\n\t\t\t\n\t\t>\n<div class=\"siteorigin-widget-tinymce textwidget\">\n\t<p>Bonjour, vous voici sur le site de <strong>PETALES France<\/strong> et le premier mot que vous voyez, c\u2019est ATTACHEMENT ; \u00e7a tombe bien, c\u2019est tr\u00e8s tendance ! Mais pour <strong>PETALES France<\/strong>, qui parle d\u2019attachement depuis presque 25 ans, ce n\u2019est pas une mode. Ce sont plus de 1500 adh\u00e9rents et plus de 2000 familles qui nous ont contact\u00e9s parce que d\u00e9munies face aux comportements d\u00e9sarmants de leur enfant, tout \u00e2ge confondu ou d\u2019un proche.<\/p>\n<p>Alors, depuis 2002, nous soutenons les familles (adoptives, biologiques, d\u2019accueil), au t\u00e9l\u00e9phone, par mail, lors de journ\u00e9es d\u2019information, dans des groupes rien que pour eux. Toutes ces actions sont men\u00e9es par des b\u00e9n\u00e9voles qui connaissent parfaitement les probl\u00e9matiques li\u00e9es \u00e0 des difficult\u00e9s d\u2019attachement qu\u2019ils ont v\u00e9cues en tant que parents, avant, \u00e0 leur tour, d\u2019aider d\u2019autres parents.<\/p>\n<p>S\u2019informer pour comprendre une probl\u00e9matique est important, bien s\u00fbr, mais savoir comment vivre au quotidien avec un enfant concern\u00e9 par cette probl\u00e9matique est essentiel. C\u2019est ce travail de terrain que nous menons depuis toutes ces ann\u00e9es.<\/p>\n<p>Si vous aussi, vous avez des questions, des doutes, des pr\u00e9occupations pour la gestion du quotidien, pour l\u2019avenir de votre enfant, contactez-nous\u00a0!<\/p>\n<p>Et en fait, c\u2019est quoi l\u2019attachement\u00a0?<\/p>\n<p style=\"text-align: center;\"><strong>L'attachement<\/strong><\/p>\n<p><strong>N<\/strong>ous sommes tous concern\u00e9s par l\u2019attachement, tout au long de notre vie. La th\u00e9orie de l\u2019attachement, \u00e9labor\u00e9e par John Bowlby puis ses pairs, explique le d\u00e9veloppement des sentiments de confiance et de s\u00e9curit\u00e9 qui permettront la cr\u00e9ation du lien entre le b\u00e9b\u00e9 et celui qui s\u2019occupe de lui, appel\u00e9 \u00ab figure d\u2019attachement \u00bb.<\/p>\n<p style=\"text-align: center;\"><strong>Parler d\u2019attachement, c\u2019est parler du sentiment de s\u00e9curit\u00e9 : <\/strong><\/p>\n<p>On parle d\u2019attachement s\u00e9cure ou ins\u00e9cure.<\/p>\n<p>Cette th\u00e9orie donne une part importante \u00e0 certains \u00e9v\u00e9nements de vie qui mettent en danger le processus d'attachement<\/p>\n<ul>\n<li>ruptures : s\u00e9paration(s), d\u00e9pression de la m\u00e8re, hospitalisation de longue dur\u00e9e de l\u2019enfant ou du parent,<\/li>\n<li>indisponibilit\u00e9(s) (ou ressentie(s) comme telle(s) par l\u2019enfant) de la figure d\u2019attachement ou changement(s) de figure(s) d\u2019attachement,<\/li>\n<li>situation(s) de vie difficile(s) (ou ressentie(s) comme telle(s) par l\u2019enfant),<\/li>\n<li>maltraitance, n\u00e9gligence,<\/li>\n<\/ul>\n<p>ces situations, survenant dans les deux premi\u00e8res ann\u00e9es de la vie de l\u2019enfant, peuvent g\u00e9n\u00e9rer un attachement ins\u00e9cure, voire des troubles de l\u2019attachement.<\/p>\n<p>Les difficult\u00e9s d\u2019attachement n\u2019expliquent pas toutes les probl\u00e9matiques rencontr\u00e9es, d\u2019autres facteurs entrent tr\u00e8s souvent en jeu ( cons\u00e9quences neurologiques li\u00e9es aux carences, au stress)\u00a0- Ces diff\u00e9rents facteurs de la petite enfance, parfois m\u00eame de la p\u00e9riode in-ut\u00e9ro, interagissent entre eux.<\/p>\n<p>L\u2019objectif n\u2019est pas de \u00ab trouver un coupable \u00bb face aux difficult\u00e9s rencontr\u00e9es, mais d\u2019en comprendre l\u2019origine et les cons\u00e9quences afin de r\u00e9fl\u00e9chir aux meilleures pistes de r\u00e9ponses pour aider l\u2019enfant et sa famille.<\/p>\n<p>L'attachement est un sujet passionnant sur lequel l'association <strong>PETALES France<\/strong> se penche depuis sa cr\u00e9ation en 2002. Parcourez ce site pour d\u00e9couvrir nos r\u00e9flexions, nos actions, des t\u00e9moignages, etc\u2026<\/p>\n<p>&nbsp;<\/p>\n<\/div>\n<\/div><\/div><\/div><\/div><\/div>","protected":false},"excerpt":{"rendered":"<p>Bonjour, vous voici sur le site de PETALES France et le premier mot que vous voyez, c\u2019est ATTACHEMENT ; \u00e7a tombe bien, c\u2019est tr\u00e8s tendance ! Mais pour PETALES France, qui parle d\u2019attachement depuis presque 25 ans, ce n\u2019est pas<span class=\"ellipsis\">&hellip;<\/span><\/p>\n<div class=\"read-more\"><a href=\"https:\/\/petales-france.fr\/\">Lire la suite <span class=\"screen-reader-text\">Accueil<\/span><span class=\"meta-nav\"> &#8250;<\/span><\/a><\/div>\n<p><!-- end of .read-more --><\/p>\n","protected":false},"author":2,"featured_media":0,"parent":0,"menu_order":0,"comment_status":"closed","ping_status":"closed","template":"page-templates\/full-width-page.php","meta":{"footnotes":""},"class_list":["post-5","page","type-page","status-publish","hentry"],"yoast_head":"<!-- This site is optimized with the Yoast SEO plugin v25.6 - https:\/\/yoast.com\/wordpress\/plugins\/seo\/ -->\n<title>Attachement, enfant adopt\u00e9, biologique, v\u00e9cu pr\u00e9-adoptif, post-adoption<\/title>\n<meta name=\"description\" content=\"L&#039;attachement, enfant adopt\u00e9, plac\u00e9, biologique, ruptures, difficult\u00e9s\" \/>\n<meta name=\"robots\" content=\"index, follow, max-snippet:-1, max-image-preview:large, max-video-preview:-1\" \/>\n<link rel=\"canonical\" href=\"https:\/\/petales-france.fr\/\" \/>\n<meta property=\"og:locale\" content=\"fr_FR\" \/>\n<meta property=\"og:type\" content=\"article\" \/>\n<meta property=\"og:title\" content=\"Attachement, enfant adopt\u00e9, biologique, v\u00e9cu pr\u00e9-adoptif, post-adoption\" \/>\n<meta property=\"og:description\" content=\"L&#039;attachement, enfant adopt\u00e9, plac\u00e9, biologique, ruptures, difficult\u00e9s\" \/>\n<meta property=\"og:url\" content=\"https:\/\/petales-france.fr\/\" \/>\n<meta property=\"og:site_name\" content=\"PETALES france\" \/>\n<meta property=\"article:modified_time\" content=\"2026-02-08T17:28:09+00:00\" \/>\n<meta property=\"og:image\" content=\"https:\/\/petales-france.fr\/wp-content\/uploads\/2017\/03\/mots_homepage_petalesfrance_attachement.png\" \/>\n\t<meta property=\"og:image:width\" content=\"7153\" \/>\n\t<meta property=\"og:image:height\" content=\"3346\" \/>\n\t<meta property=\"og:image:type\" content=\"image\/png\" \/>\n<meta name=\"twitter:card\" content=\"summary_large_image\" \/>\n<meta name=\"twitter:label1\" content=\"Dur\u00e9e de lecture estim\u00e9e\" \/>\n\t<meta name=\"twitter:data1\" content=\"3 minutes\" \/>\n<script type=\"application\/ld+json\" class=\"yoast-schema-graph\">{\"@context\":\"https:\/\/schema.org\",\"@graph\":[{\"@type\":\"WebPage\",\"@id\":\"https:\/\/petales-france.fr\/\",\"url\":\"https:\/\/petales-france.fr\/\",\"name\":\"Attachement, enfant adopt\u00e9, biologique, v\u00e9cu pr\u00e9-adoptif, post-adoption\",\"isPartOf\":{\"@id\":\"https:\/\/petales-france.fr\/#website\"},\"primaryImageOfPage\":{\"@id\":\"https:\/\/petales-france.fr\/#primaryimage\"},\"image\":{\"@id\":\"https:\/\/petales-france.fr\/#primaryimage\"},\"thumbnailUrl\":\"http:\/\/petales-france.fr\/wp-content\/uploads\/2017\/03\/mots_homepage_petalesfrance_attachement-1024x479.png\",\"datePublished\":\"2016-11-08T13:13:52+00:00\",\"dateModified\":\"2026-02-08T17:28:09+00:00\",\"description\":\"L'attachement, enfant adopt\u00e9, plac\u00e9, biologique, ruptures, difficult\u00e9s\",\"breadcrumb\":{\"@id\":\"https:\/\/petales-france.fr\/#breadcrumb\"},\"inLanguage\":\"fr-FR\",\"potentialAction\":[{\"@type\":\"ReadAction\",\"target\":[\"https:\/\/petales-france.fr\/\"]}]},{\"@type\":\"ImageObject\",\"inLanguage\":\"fr-FR\",\"@id\":\"https:\/\/petales-france.fr\/#primaryimage\",\"url\":\"http:\/\/petales-france.fr\/wp-content\/uploads\/2017\/03\/mots_homepage_petalesfrance_attachement-1024x479.png\",\"contentUrl\":\"http:\/\/petales-france.fr\/wp-content\/uploads\/2017\/03\/mots_homepage_petalesfrance_attachement-1024x479.png\"},{\"@type\":\"BreadcrumbList\",\"@id\":\"https:\/\/petales-france.fr\/#breadcrumb\",\"itemListElement\":[{\"@type\":\"ListItem\",\"position\":1,\"name\":\"Accueil\",\"item\":\"https:\/\/petales-france.fr\/\"},{\"@type\":\"ListItem\",\"position\":2,\"name\":\"Accueil\"}]},{\"@type\":\"WebSite\",\"@id\":\"https:\/\/petales-france.fr\/#website\",\"url\":\"https:\/\/petales-france.fr\/\",\"name\":\"PETALES france\",\"description\":\"PETALES france\",\"potentialAction\":[{\"@type\":\"SearchAction\",\"target\":{\"@type\":\"EntryPoint\",\"urlTemplate\":\"https:\/\/petales-france.fr\/?s={search_term_string}\"},\"query-input\":{\"@type\":\"PropertyValueSpecification\",\"valueRequired\":true,\"valueName\":\"search_term_string\"}}],\"inLanguage\":\"fr-FR\"}]}<\/script>\n<!-- \/ Yoast SEO plugin. -->","yoast_head_json":{"title":"Attachement, enfant adopt\u00e9, biologique, v\u00e9cu pr\u00e9-adoptif, post-adoption","description":"L'attachement, enfant adopt\u00e9, plac\u00e9, biologique, ruptures, difficult\u00e9s","robots":{"index":"index","follow":"follow","max-snippet":"max-snippet:-1","max-image-preview":"max-image-preview:large","max-video-preview":"max-video-preview:-1"},"canonical":"https:\/\/petales-france.fr\/","og_locale":"fr_FR","og_type":"article","og_title":"Attachement, enfant adopt\u00e9, biologique, v\u00e9cu pr\u00e9-adoptif, post-adoption","og_description":"L'attachement, enfant adopt\u00e9, plac\u00e9, biologique, ruptures, difficult\u00e9s","og_url":"https:\/\/petales-france.fr\/","og_site_name":"PETALES france","article_modified_time":"2026-02-08T17:28:09+00:00","og_image":[{"width":7153,"height":3346,"url":"https:\/\/petales-france.fr\/wp-content\/uploads\/2017\/03\/mots_homepage_petalesfrance_attachement.png","type":"image\/png"}],"twitter_card":"summary_large_image","twitter_misc":{"Dur\u00e9e de lecture estim\u00e9e":"3 minutes"},"schema":{"@context":"https:\/\/schema.org","@graph":[{"@type":"WebPage","@id":"https:\/\/petales-france.fr\/","url":"https:\/\/petales-france.fr\/","name":"Attachement, enfant adopt\u00e9, biologique, v\u00e9cu pr\u00e9-adoptif, post-adoption","isPartOf":{"@id":"https:\/\/petales-france.fr\/#website"},"primaryImageOfPage":{"@id":"https:\/\/petales-france.fr\/#primaryimage"},"image":{"@id":"https:\/\/petales-france.fr\/#primaryimage"},"thumbnailUrl":"http:\/\/petales-france.fr\/wp-content\/uploads\/2017\/03\/mots_homepage_petalesfrance_attachement-1024x479.png","datePublished":"2016-11-08T13:13:52+00:00","dateModified":"2026-02-08T17:28:09+00:00","description":"L'attachement, enfant adopt\u00e9, plac\u00e9, biologique, ruptures, difficult\u00e9s","breadcrumb":{"@id":"https:\/\/petales-france.fr\/#breadcrumb"},"inLanguage":"fr-FR","potentialAction":[{"@type":"ReadAction","target":["https:\/\/petales-france.fr\/"]}]},{"@type":"ImageObject","inLanguage":"fr-FR","@id":"https:\/\/petales-france.fr\/#primaryimage","url":"http:\/\/petales-france.fr\/wp-content\/uploads\/2017\/03\/mots_homepage_petalesfrance_attachement-1024x479.png","contentUrl":"http:\/\/petales-france.fr\/wp-content\/uploads\/2017\/03\/mots_homepage_petalesfrance_attachement-1024x479.png"},{"@type":"BreadcrumbList","@id":"https:\/\/petales-france.fr\/#breadcrumb","itemListElement":[{"@type":"ListItem","position":1,"name":"Accueil","item":"https:\/\/petales-france.fr\/"},{"@type":"ListItem","position":2,"name":"Accueil"}]},{"@type":"WebSite","@id":"https:\/\/petales-france.fr\/#website","url":"https:\/\/petales-france.fr\/","name":"PETALES france","description":"PETALES france","potentialAction":[{"@type":"SearchAction","target":{"@type":"EntryPoint","urlTemplate":"https:\/\/petales-france.fr\/?s={search_term_string}"},"query-input":{"@type":"PropertyValueSpecification","valueRequired":true,"valueName":"search_term_string"}}],"inLanguage":"fr-FR"}]}},"_links":{"self":[{"href":"https:\/\/petales-france.fr\/index.php\/wp-json\/wp\/v2\/pages\/5","targetHints":{"allow":["GET"]}}],"collection":[{"href":"https:\/\/petales-france.fr\/index.php\/wp-json\/wp\/v2\/pages"}],"about":[{"href":"https:\/\/petales-france.fr\/index.php\/wp-json\/wp\/v2\/types\/page"}],"author":[{"embeddable":true,"href":"https:\/\/petales-france.fr\/index.php\/wp-json\/wp\/v2\/users\/2"}],"replies":[{"embeddable":true,"href":"https:\/\/petales-france.fr\/index.php\/wp-json\/wp\/v2\/comments?post=5"}],"version-history":[{"count":39,"href":"https:\/\/petales-france.fr\/index.php\/wp-json\/wp\/v2\/pages\/5\/revisions"}],"predecessor-version":[{"id":2139,"href":"https:\/\/petales-france.fr\/index.php\/wp-json\/wp\/v2\/pages\/5\/revisions\/2139"}],"wp:attachment":[{"href":"https:\/\/petales-france.fr\/index.php\/wp-json\/wp\/v2\/media?parent=5"}],"curies":[{"name":"wp","href":"https:\/\/api.w.org\/{rel}","templated":true}]}}