{"id":297,"date":"2017-03-02T11:09:28","date_gmt":"2017-03-02T10:09:28","guid":{"rendered":"http:\/\/petales-france.fr\/?page_id=297"},"modified":"2017-05-02T10:48:13","modified_gmt":"2017-05-02T08:48:13","slug":"actions-2","status":"publish","type":"page","link":"https:\/\/petales-france.fr\/index.php\/actions-2\/","title":{"rendered":"Actions"},"content":{"rendered":"<div id=\"pl-297\"  class=\"panel-layout\" ><div id=\"pg-297-0\"  class=\"panel-grid panel-no-style\" ><div id=\"pgc-297-0-0\"  class=\"panel-grid-cell\" ><div id=\"panel-297-0-0-0\" class=\"so-panel widget widget_sow-editor panel-first-child panel-last-child\" data-index=\"0\" ><div\n\t\t\t\n\t\t\tclass=\"so-widget-sow-editor so-widget-sow-editor-base\"\n\t\t\t\n\t\t>\n<div class=\"siteorigin-widget-tinymce textwidget\">\n\t<p>Voici les actions que <strong>PETALES France<\/strong> a mises en place au fil des ann\u00e9es. Certaines sont r\u00e9serv\u00e9es \u00e0 nos adh\u00e9rents, mais pas toutes ! Pour en savoir plus, il vous suffit de cliquer sur l'ic\u00f4ne de votre choix.<\/p>\n<\/div>\n<\/div><\/div><\/div><\/div><div id=\"pg-297-1\"  class=\"panel-grid panel-no-style\" ><div id=\"pgc-297-1-0\"  class=\"panel-grid-cell\" ><div id=\"panel-297-1-0-0\" class=\"so-panel widget widget_sow-editor panel-first-child\" data-index=\"1\" ><div\n\t\t\t\n\t\t\tclass=\"so-widget-sow-editor so-widget-sow-editor-base\"\n\t\t\t\n\t\t>\n<div class=\"siteorigin-widget-tinymce textwidget\">\n\t<p><a href=\"http:\/\/petales-france.fr\/index.php\/grep\/\" target=\"_blank\"><img loading=\"lazy\" decoding=\"async\" class=\"aligncenter wp-image-953 size-medium\" src=\"http:\/\/petales-france.fr\/wp-content\/uploads\/2017\/04\/GREP_petalesfrance_attachement-300x300.png\" alt=\"\" width=\"300\" height=\"300\" srcset=\"https:\/\/petales-france.fr\/wp-content\/uploads\/2017\/04\/GREP_petalesfrance_attachement-300x300.png 300w, https:\/\/petales-france.fr\/wp-content\/uploads\/2017\/04\/GREP_petalesfrance_attachement-150x150.png 150w, https:\/\/petales-france.fr\/wp-content\/uploads\/2017\/04\/GREP_petalesfrance_attachement-768x768.png 768w, https:\/\/petales-france.fr\/wp-content\/uploads\/2017\/04\/GREP_petalesfrance_attachement-1024x1024.png 1024w, https:\/\/petales-france.fr\/wp-content\/uploads\/2017\/04\/GREP_petalesfrance_attachement-100x100.png 100w, https:\/\/petales-france.fr\/wp-content\/uploads\/2017\/04\/GREP_petalesfrance_attachement-200x200.png 200w, https:\/\/petales-france.fr\/wp-content\/uploads\/2017\/04\/GREP_petalesfrance_attachement-450x450.png 450w, https:\/\/petales-france.fr\/wp-content\/uploads\/2017\/04\/GREP_petalesfrance_attachement-600x600.png 600w, https:\/\/petales-france.fr\/wp-content\/uploads\/2017\/04\/GREP_petalesfrance_attachement-900x900.png 900w, https:\/\/petales-france.fr\/wp-content\/uploads\/2017\/04\/GREP_petalesfrance_attachement.png 1179w\" sizes=\"auto, (max-width: 300px) 100vw, 300px\" \/><\/a><\/p>\n<\/div>\n<\/div><\/div><div id=\"panel-297-1-0-1\" class=\"so-panel widget widget_sow-editor panel-last-child\" data-index=\"2\" ><div\n\t\t\t\n\t\t\tclass=\"so-widget-sow-editor so-widget-sow-editor-base\"\n\t\t\t\n\t\t>\n<div class=\"siteorigin-widget-tinymce textwidget\">\n\t<p><a href=\"http:\/\/petales-france.fr\/index.php\/rencontres\/\" target=\"_blank\"><img loading=\"lazy\" decoding=\"async\" class=\"aligncenter wp-image-988 size-medium\" src=\"http:\/\/petales-france.fr\/wp-content\/uploads\/2017\/04\/rencontres_petalesfrance_attachement-300x300.png\" alt=\"\" width=\"300\" height=\"300\" srcset=\"https:\/\/petales-france.fr\/wp-content\/uploads\/2017\/04\/rencontres_petalesfrance_attachement-300x300.png 300w, https:\/\/petales-france.fr\/wp-content\/uploads\/2017\/04\/rencontres_petalesfrance_attachement-150x150.png 150w, https:\/\/petales-france.fr\/wp-content\/uploads\/2017\/04\/rencontres_petalesfrance_attachement-768x768.png 768w, https:\/\/petales-france.fr\/wp-content\/uploads\/2017\/04\/rencontres_petalesfrance_attachement-1024x1024.png 1024w, https:\/\/petales-france.fr\/wp-content\/uploads\/2017\/04\/rencontres_petalesfrance_attachement-100x100.png 100w, https:\/\/petales-france.fr\/wp-content\/uploads\/2017\/04\/rencontres_petalesfrance_attachement-200x200.png 200w, https:\/\/petales-france.fr\/wp-content\/uploads\/2017\/04\/rencontres_petalesfrance_attachement-450x450.png 450w, https:\/\/petales-france.fr\/wp-content\/uploads\/2017\/04\/rencontres_petalesfrance_attachement-600x600.png 600w, https:\/\/petales-france.fr\/wp-content\/uploads\/2017\/04\/rencontres_petalesfrance_attachement-900x900.png 900w, https:\/\/petales-france.fr\/wp-content\/uploads\/2017\/04\/rencontres_petalesfrance_attachement.png 1179w\" sizes=\"auto, (max-width: 300px) 100vw, 300px\" \/><\/a><\/p>\n<\/div>\n<\/div><\/div><\/div><div id=\"pgc-297-1-1\"  class=\"panel-grid-cell\" ><div id=\"panel-297-1-1-0\" class=\"so-panel widget widget_sow-editor panel-first-child\" data-index=\"3\" ><div\n\t\t\t\n\t\t\tclass=\"so-widget-sow-editor so-widget-sow-editor-base\"\n\t\t\t\n\t\t>\n<div class=\"siteorigin-widget-tinymce textwidget\">\n\t<p><a href=\"http:\/\/petales-france.fr\/index.php\/aidaa\/\" target=\"_blank\"><img loading=\"lazy\" decoding=\"async\" class=\"aligncenter wp-image-949 size-medium\" src=\"http:\/\/petales-france.fr\/wp-content\/uploads\/2017\/04\/AIDAA_petalesfrance_attachement-300x300.png\" alt=\"\" width=\"300\" height=\"300\" srcset=\"https:\/\/petales-france.fr\/wp-content\/uploads\/2017\/04\/AIDAA_petalesfrance_attachement-300x300.png 300w, https:\/\/petales-france.fr\/wp-content\/uploads\/2017\/04\/AIDAA_petalesfrance_attachement-150x150.png 150w, https:\/\/petales-france.fr\/wp-content\/uploads\/2017\/04\/AIDAA_petalesfrance_attachement-768x768.png 768w, https:\/\/petales-france.fr\/wp-content\/uploads\/2017\/04\/AIDAA_petalesfrance_attachement-1024x1024.png 1024w, https:\/\/petales-france.fr\/wp-content\/uploads\/2017\/04\/AIDAA_petalesfrance_attachement-100x100.png 100w, https:\/\/petales-france.fr\/wp-content\/uploads\/2017\/04\/AIDAA_petalesfrance_attachement-200x200.png 200w, https:\/\/petales-france.fr\/wp-content\/uploads\/2017\/04\/AIDAA_petalesfrance_attachement-450x450.png 450w, https:\/\/petales-france.fr\/wp-content\/uploads\/2017\/04\/AIDAA_petalesfrance_attachement-600x600.png 600w, https:\/\/petales-france.fr\/wp-content\/uploads\/2017\/04\/AIDAA_petalesfrance_attachement-900x900.png 900w, https:\/\/petales-france.fr\/wp-content\/uploads\/2017\/04\/AIDAA_petalesfrance_attachement.png 1181w\" sizes=\"auto, (max-width: 300px) 100vw, 300px\" \/><\/a><\/p>\n<\/div>\n<\/div><\/div><div id=\"panel-297-1-1-1\" class=\"so-panel widget widget_sow-editor panel-last-child\" data-index=\"4\" ><div\n\t\t\t\n\t\t\tclass=\"so-widget-sow-editor so-widget-sow-editor-base\"\n\t\t\t\n\t\t>\n<div class=\"siteorigin-widget-tinymce textwidget\">\n\t<p><a href=\"http:\/\/petales-france.fr\/index.php\/documentation\/ \" target=\"_blank\"><img loading=\"lazy\" decoding=\"async\" class=\"aligncenter wp-image-952 size-medium\" src=\"http:\/\/petales-france.fr\/wp-content\/uploads\/2017\/04\/bulletins_documents_petalesfrance_attachement-300x300.png\" alt=\"\" width=\"300\" height=\"300\" srcset=\"https:\/\/petales-france.fr\/wp-content\/uploads\/2017\/04\/bulletins_documents_petalesfrance_attachement-300x300.png 300w, https:\/\/petales-france.fr\/wp-content\/uploads\/2017\/04\/bulletins_documents_petalesfrance_attachement-150x150.png 150w, https:\/\/petales-france.fr\/wp-content\/uploads\/2017\/04\/bulletins_documents_petalesfrance_attachement-768x768.png 768w, https:\/\/petales-france.fr\/wp-content\/uploads\/2017\/04\/bulletins_documents_petalesfrance_attachement-1024x1024.png 1024w, https:\/\/petales-france.fr\/wp-content\/uploads\/2017\/04\/bulletins_documents_petalesfrance_attachement-100x100.png 100w, https:\/\/petales-france.fr\/wp-content\/uploads\/2017\/04\/bulletins_documents_petalesfrance_attachement-200x200.png 200w, https:\/\/petales-france.fr\/wp-content\/uploads\/2017\/04\/bulletins_documents_petalesfrance_attachement-450x450.png 450w, https:\/\/petales-france.fr\/wp-content\/uploads\/2017\/04\/bulletins_documents_petalesfrance_attachement-600x600.png 600w, https:\/\/petales-france.fr\/wp-content\/uploads\/2017\/04\/bulletins_documents_petalesfrance_attachement-900x900.png 900w, https:\/\/petales-france.fr\/wp-content\/uploads\/2017\/04\/bulletins_documents_petalesfrance_attachement.png 1183w\" sizes=\"auto, (max-width: 300px) 100vw, 300px\" \/><\/a><\/p>\n<\/div>\n<\/div><\/div><\/div><div id=\"pgc-297-1-2\"  class=\"panel-grid-cell\" ><div id=\"panel-297-1-2-0\" class=\"so-panel widget widget_sow-editor panel-first-child\" data-index=\"5\" ><div\n\t\t\t\n\t\t\tclass=\"so-widget-sow-editor so-widget-sow-editor-base\"\n\t\t\t\n\t\t>\n<div class=\"siteorigin-widget-tinymce textwidget\">\n\t<p><a href=\"http:\/\/petales-france.fr\/index.php\/ecoute-et-soutien\/\" target=\"_blank\"><img loading=\"lazy\" decoding=\"async\" class=\"aligncenter wp-image-948 size-medium\" src=\"http:\/\/petales-france.fr\/wp-content\/uploads\/2017\/04\/allo_ecoute_petalesfrance_attachement-300x300.png\" alt=\"\" width=\"300\" height=\"300\" srcset=\"https:\/\/petales-france.fr\/wp-content\/uploads\/2017\/04\/allo_ecoute_petalesfrance_attachement-300x300.png 300w, https:\/\/petales-france.fr\/wp-content\/uploads\/2017\/04\/allo_ecoute_petalesfrance_attachement-150x150.png 150w, https:\/\/petales-france.fr\/wp-content\/uploads\/2017\/04\/allo_ecoute_petalesfrance_attachement-768x768.png 768w, https:\/\/petales-france.fr\/wp-content\/uploads\/2017\/04\/allo_ecoute_petalesfrance_attachement-1024x1024.png 1024w, https:\/\/petales-france.fr\/wp-content\/uploads\/2017\/04\/allo_ecoute_petalesfrance_attachement-100x100.png 100w, https:\/\/petales-france.fr\/wp-content\/uploads\/2017\/04\/allo_ecoute_petalesfrance_attachement-200x200.png 200w, https:\/\/petales-france.fr\/wp-content\/uploads\/2017\/04\/allo_ecoute_petalesfrance_attachement-450x450.png 450w, https:\/\/petales-france.fr\/wp-content\/uploads\/2017\/04\/allo_ecoute_petalesfrance_attachement-600x600.png 600w, https:\/\/petales-france.fr\/wp-content\/uploads\/2017\/04\/allo_ecoute_petalesfrance_attachement-900x900.png 900w, https:\/\/petales-france.fr\/wp-content\/uploads\/2017\/04\/allo_ecoute_petalesfrance_attachement.png 1181w\" sizes=\"auto, (max-width: 300px) 100vw, 300px\" \/><\/a><\/p>\n<\/div>\n<\/div><\/div><div id=\"panel-297-1-2-1\" class=\"so-panel widget widget_sow-editor panel-last-child\" data-index=\"6\" ><div\n\t\t\t\n\t\t\tclass=\"so-widget-sow-editor so-widget-sow-editor-base\"\n\t\t\t\n\t\t>\n<div class=\"siteorigin-widget-tinymce textwidget\">\n\t<p><a href=\"http:\/\/petales-france.fr\/index.php\/interventions\/\" target=\"_blank\"><img loading=\"lazy\" decoding=\"async\" class=\"aligncenter wp-image-987 size-medium\" src=\"http:\/\/petales-france.fr\/wp-content\/uploads\/2017\/04\/interventions_petalesfrance_attachement_icon-300x300.png\" alt=\"\" width=\"300\" height=\"300\" srcset=\"https:\/\/petales-france.fr\/wp-content\/uploads\/2017\/04\/interventions_petalesfrance_attachement_icon-300x300.png 300w, https:\/\/petales-france.fr\/wp-content\/uploads\/2017\/04\/interventions_petalesfrance_attachement_icon-150x150.png 150w, https:\/\/petales-france.fr\/wp-content\/uploads\/2017\/04\/interventions_petalesfrance_attachement_icon-768x768.png 768w, https:\/\/petales-france.fr\/wp-content\/uploads\/2017\/04\/interventions_petalesfrance_attachement_icon-1024x1024.png 1024w, https:\/\/petales-france.fr\/wp-content\/uploads\/2017\/04\/interventions_petalesfrance_attachement_icon-100x100.png 100w, https:\/\/petales-france.fr\/wp-content\/uploads\/2017\/04\/interventions_petalesfrance_attachement_icon-200x200.png 200w, https:\/\/petales-france.fr\/wp-content\/uploads\/2017\/04\/interventions_petalesfrance_attachement_icon-450x450.png 450w, https:\/\/petales-france.fr\/wp-content\/uploads\/2017\/04\/interventions_petalesfrance_attachement_icon-600x600.png 600w, https:\/\/petales-france.fr\/wp-content\/uploads\/2017\/04\/interventions_petalesfrance_attachement_icon-900x900.png 900w, https:\/\/petales-france.fr\/wp-content\/uploads\/2017\/04\/interventions_petalesfrance_attachement_icon.png 1179w\" sizes=\"auto, (max-width: 300px) 100vw, 300px\" \/><\/a><\/p>\n<p>\u00a0<\/p>\n<\/div>\n<\/div><\/div><\/div><div id=\"pgc-297-1-3\"  class=\"panel-grid-cell\" ><div id=\"panel-297-1-3-0\" class=\"so-panel widget widget_sow-editor panel-first-child\" data-index=\"7\" ><div\n\t\t\t\n\t\t\tclass=\"so-widget-sow-editor so-widget-sow-editor-base\"\n\t\t\t\n\t\t>\n<div class=\"siteorigin-widget-tinymce textwidget\">\n\t<p><a href=\"http:\/\/petales-france.fr\/index.php\/r-e-d\/\" target=\"_blank\"><img loading=\"lazy\" decoding=\"async\" class=\"aligncenter wp-image-954 size-medium\" src=\"http:\/\/petales-france.fr\/wp-content\/uploads\/2017\/04\/red_reseau_petalesfrance_attachement-300x300.png\" alt=\"\" width=\"300\" height=\"300\" srcset=\"https:\/\/petales-france.fr\/wp-content\/uploads\/2017\/04\/red_reseau_petalesfrance_attachement-300x300.png 300w, https:\/\/petales-france.fr\/wp-content\/uploads\/2017\/04\/red_reseau_petalesfrance_attachement-150x150.png 150w, https:\/\/petales-france.fr\/wp-content\/uploads\/2017\/04\/red_reseau_petalesfrance_attachement-768x768.png 768w, https:\/\/petales-france.fr\/wp-content\/uploads\/2017\/04\/red_reseau_petalesfrance_attachement-1024x1024.png 1024w, https:\/\/petales-france.fr\/wp-content\/uploads\/2017\/04\/red_reseau_petalesfrance_attachement-100x100.png 100w, https:\/\/petales-france.fr\/wp-content\/uploads\/2017\/04\/red_reseau_petalesfrance_attachement-200x200.png 200w, https:\/\/petales-france.fr\/wp-content\/uploads\/2017\/04\/red_reseau_petalesfrance_attachement-450x450.png 450w, https:\/\/petales-france.fr\/wp-content\/uploads\/2017\/04\/red_reseau_petalesfrance_attachement-600x600.png 600w, https:\/\/petales-france.fr\/wp-content\/uploads\/2017\/04\/red_reseau_petalesfrance_attachement-900x900.png 900w, https:\/\/petales-france.fr\/wp-content\/uploads\/2017\/04\/red_reseau_petalesfrance_attachement.png 1179w\" sizes=\"auto, (max-width: 300px) 100vw, 300px\" \/><\/a><\/p>\n<\/div>\n<\/div><\/div><div id=\"panel-297-1-3-1\" class=\"so-panel widget widget_sow-editor panel-last-child\" data-index=\"8\" ><div\n\t\t\t\n\t\t\tclass=\"so-widget-sow-editor so-widget-sow-editor-base\"\n\t\t\t\n\t\t>\n<div class=\"siteorigin-widget-tinymce textwidget\">\n\t<p><a href=\"http:\/\/petales-france.fr\/index.php\/bibliographie\/\" target=\"_blank\"><img loading=\"lazy\" decoding=\"async\" class=\"aligncenter wp-image-986 size-medium\" src=\"http:\/\/petales-france.fr\/wp-content\/uploads\/2017\/04\/bibliographie_petalesfrance_attachement-300x300.png\" alt=\"\" width=\"300\" height=\"300\" srcset=\"https:\/\/petales-france.fr\/wp-content\/uploads\/2017\/04\/bibliographie_petalesfrance_attachement-300x300.png 300w, https:\/\/petales-france.fr\/wp-content\/uploads\/2017\/04\/bibliographie_petalesfrance_attachement-150x150.png 150w, https:\/\/petales-france.fr\/wp-content\/uploads\/2017\/04\/bibliographie_petalesfrance_attachement-768x768.png 768w, https:\/\/petales-france.fr\/wp-content\/uploads\/2017\/04\/bibliographie_petalesfrance_attachement-1024x1024.png 1024w, https:\/\/petales-france.fr\/wp-content\/uploads\/2017\/04\/bibliographie_petalesfrance_attachement-100x100.png 100w, https:\/\/petales-france.fr\/wp-content\/uploads\/2017\/04\/bibliographie_petalesfrance_attachement-200x200.png 200w, https:\/\/petales-france.fr\/wp-content\/uploads\/2017\/04\/bibliographie_petalesfrance_attachement-450x450.png 450w, https:\/\/petales-france.fr\/wp-content\/uploads\/2017\/04\/bibliographie_petalesfrance_attachement-600x600.png 600w, https:\/\/petales-france.fr\/wp-content\/uploads\/2017\/04\/bibliographie_petalesfrance_attachement-900x900.png 900w, https:\/\/petales-france.fr\/wp-content\/uploads\/2017\/04\/bibliographie_petalesfrance_attachement.png 1181w\" sizes=\"auto, (max-width: 300px) 100vw, 300px\" \/><\/a><\/p>\n<\/div>\n<\/div><\/div><\/div><\/div><\/div>","protected":false},"excerpt":{"rendered":"<p>Voici les actions que PETALES France a mises en place au fil des ann\u00e9es. Certaines sont r\u00e9serv\u00e9es \u00e0 nos adh\u00e9rents, mais pas toutes ! Pour en savoir plus, il vous suffit de cliquer sur l&rsquo;ic\u00f4ne de votre choix. \u00a0<\/p>\n","protected":false},"author":2,"featured_media":0,"parent":0,"menu_order":0,"comment_status":"closed","ping_status":"closed","template":"page-templates\/full-width-page.php","meta":{"footnotes":""},"class_list":["post-297","page","type-page","status-publish","hentry"],"yoast_head":"<!-- This site is optimized with the Yoast SEO plugin v25.6 - https:\/\/yoast.com\/wordpress\/plugins\/seo\/ -->\n<title>Actions soutien parentalit\u00e9, enfants en souffrance, parents d\u00e9munis,<\/title>\n<meta name=\"description\" content=\"Actions \u00e9coute, groupes paroles, interventions, rencontres, r\u00e9seau d&#039;\u00e9changes directs, bibliographie, documentation, attachement, ins\u00e9cure, enfants, aide\" \/>\n<meta name=\"robots\" content=\"index, follow, max-snippet:-1, max-image-preview:large, max-video-preview:-1\" \/>\n<link rel=\"canonical\" href=\"https:\/\/petales-france.fr\/index.php\/actions-2\/\" \/>\n<meta property=\"og:locale\" content=\"fr_FR\" \/>\n<meta property=\"og:type\" content=\"article\" \/>\n<meta property=\"og:title\" content=\"Actions soutien parentalit\u00e9, enfants en souffrance, parents d\u00e9munis,\" \/>\n<meta property=\"og:description\" content=\"Actions \u00e9coute, groupes paroles, interventions, rencontres, r\u00e9seau d&#039;\u00e9changes directs, bibliographie, documentation, attachement, ins\u00e9cure, enfants, aide\" \/>\n<meta property=\"og:url\" content=\"https:\/\/petales-france.fr\/index.php\/actions-2\/\" \/>\n<meta property=\"og:site_name\" content=\"PETALES france\" \/>\n<meta property=\"article:modified_time\" content=\"2017-05-02T08:48:13+00:00\" \/>\n<meta property=\"og:image\" content=\"http:\/\/petales-france.fr\/wp-content\/uploads\/2017\/04\/GREP_petalesfrance_attachement-300x300.png\" \/>\n<meta name=\"twitter:card\" content=\"summary_large_image\" \/>\n<script type=\"application\/ld+json\" class=\"yoast-schema-graph\">{\"@context\":\"https:\/\/schema.org\",\"@graph\":[{\"@type\":\"WebPage\",\"@id\":\"https:\/\/petales-france.fr\/index.php\/actions-2\/\",\"url\":\"https:\/\/petales-france.fr\/index.php\/actions-2\/\",\"name\":\"Actions soutien parentalit\u00e9, enfants en souffrance, parents d\u00e9munis,\",\"isPartOf\":{\"@id\":\"https:\/\/petales-france.fr\/#website\"},\"primaryImageOfPage\":{\"@id\":\"https:\/\/petales-france.fr\/index.php\/actions-2\/#primaryimage\"},\"image\":{\"@id\":\"https:\/\/petales-france.fr\/index.php\/actions-2\/#primaryimage\"},\"thumbnailUrl\":\"http:\/\/petales-france.fr\/wp-content\/uploads\/2017\/04\/GREP_petalesfrance_attachement-300x300.png\",\"datePublished\":\"2017-03-02T10:09:28+00:00\",\"dateModified\":\"2017-05-02T08:48:13+00:00\",\"description\":\"Actions \u00e9coute, groupes paroles, interventions, rencontres, r\u00e9seau d'\u00e9changes directs, bibliographie, documentation, attachement, ins\u00e9cure, enfants, aide\",\"breadcrumb\":{\"@id\":\"https:\/\/petales-france.fr\/index.php\/actions-2\/#breadcrumb\"},\"inLanguage\":\"fr-FR\",\"potentialAction\":[{\"@type\":\"ReadAction\",\"target\":[\"https:\/\/petales-france.fr\/index.php\/actions-2\/\"]}]},{\"@type\":\"ImageObject\",\"inLanguage\":\"fr-FR\",\"@id\":\"https:\/\/petales-france.fr\/index.php\/actions-2\/#primaryimage\",\"url\":\"http:\/\/petales-france.fr\/wp-content\/uploads\/2017\/04\/GREP_petalesfrance_attachement-300x300.png\",\"contentUrl\":\"http:\/\/petales-france.fr\/wp-content\/uploads\/2017\/04\/GREP_petalesfrance_attachement-300x300.png\"},{\"@type\":\"BreadcrumbList\",\"@id\":\"https:\/\/petales-france.fr\/index.php\/actions-2\/#breadcrumb\",\"itemListElement\":[{\"@type\":\"ListItem\",\"position\":1,\"name\":\"Accueil\",\"item\":\"https:\/\/petales-france.fr\/\"},{\"@type\":\"ListItem\",\"position\":2,\"name\":\"Actions\"}]},{\"@type\":\"WebSite\",\"@id\":\"https:\/\/petales-france.fr\/#website\",\"url\":\"https:\/\/petales-france.fr\/\",\"name\":\"PETALES france\",\"description\":\"PETALES france\",\"potentialAction\":[{\"@type\":\"SearchAction\",\"target\":{\"@type\":\"EntryPoint\",\"urlTemplate\":\"https:\/\/petales-france.fr\/?s={search_term_string}\"},\"query-input\":{\"@type\":\"PropertyValueSpecification\",\"valueRequired\":true,\"valueName\":\"search_term_string\"}}],\"inLanguage\":\"fr-FR\"}]}<\/script>\n<!-- \/ Yoast SEO plugin. -->","yoast_head_json":{"title":"Actions soutien parentalit\u00e9, enfants en souffrance, parents d\u00e9munis,","description":"Actions \u00e9coute, groupes paroles, interventions, rencontres, r\u00e9seau d'\u00e9changes directs, bibliographie, documentation, attachement, ins\u00e9cure, enfants, aide","robots":{"index":"index","follow":"follow","max-snippet":"max-snippet:-1","max-image-preview":"max-image-preview:large","max-video-preview":"max-video-preview:-1"},"canonical":"https:\/\/petales-france.fr\/index.php\/actions-2\/","og_locale":"fr_FR","og_type":"article","og_title":"Actions soutien parentalit\u00e9, enfants en souffrance, parents d\u00e9munis,","og_description":"Actions \u00e9coute, groupes paroles, interventions, rencontres, r\u00e9seau d'\u00e9changes directs, bibliographie, documentation, attachement, ins\u00e9cure, enfants, aide","og_url":"https:\/\/petales-france.fr\/index.php\/actions-2\/","og_site_name":"PETALES france","article_modified_time":"2017-05-02T08:48:13+00:00","og_image":[{"url":"http:\/\/petales-france.fr\/wp-content\/uploads\/2017\/04\/GREP_petalesfrance_attachement-300x300.png","type":"","width":"","height":""}],"twitter_card":"summary_large_image","schema":{"@context":"https:\/\/schema.org","@graph":[{"@type":"WebPage","@id":"https:\/\/petales-france.fr\/index.php\/actions-2\/","url":"https:\/\/petales-france.fr\/index.php\/actions-2\/","name":"Actions soutien parentalit\u00e9, enfants en souffrance, parents d\u00e9munis,","isPartOf":{"@id":"https:\/\/petales-france.fr\/#website"},"primaryImageOfPage":{"@id":"https:\/\/petales-france.fr\/index.php\/actions-2\/#primaryimage"},"image":{"@id":"https:\/\/petales-france.fr\/index.php\/actions-2\/#primaryimage"},"thumbnailUrl":"http:\/\/petales-france.fr\/wp-content\/uploads\/2017\/04\/GREP_petalesfrance_attachement-300x300.png","datePublished":"2017-03-02T10:09:28+00:00","dateModified":"2017-05-02T08:48:13+00:00","description":"Actions \u00e9coute, groupes paroles, interventions, rencontres, r\u00e9seau d'\u00e9changes directs, bibliographie, documentation, attachement, ins\u00e9cure, enfants, aide","breadcrumb":{"@id":"https:\/\/petales-france.fr\/index.php\/actions-2\/#breadcrumb"},"inLanguage":"fr-FR","potentialAction":[{"@type":"ReadAction","target":["https:\/\/petales-france.fr\/index.php\/actions-2\/"]}]},{"@type":"ImageObject","inLanguage":"fr-FR","@id":"https:\/\/petales-france.fr\/index.php\/actions-2\/#primaryimage","url":"http:\/\/petales-france.fr\/wp-content\/uploads\/2017\/04\/GREP_petalesfrance_attachement-300x300.png","contentUrl":"http:\/\/petales-france.fr\/wp-content\/uploads\/2017\/04\/GREP_petalesfrance_attachement-300x300.png"},{"@type":"BreadcrumbList","@id":"https:\/\/petales-france.fr\/index.php\/actions-2\/#breadcrumb","itemListElement":[{"@type":"ListItem","position":1,"name":"Accueil","item":"https:\/\/petales-france.fr\/"},{"@type":"ListItem","position":2,"name":"Actions"}]},{"@type":"WebSite","@id":"https:\/\/petales-france.fr\/#website","url":"https:\/\/petales-france.fr\/","name":"PETALES france","description":"PETALES france","potentialAction":[{"@type":"SearchAction","target":{"@type":"EntryPoint","urlTemplate":"https:\/\/petales-france.fr\/?s={search_term_string}"},"query-input":{"@type":"PropertyValueSpecification","valueRequired":true,"valueName":"search_term_string"}}],"inLanguage":"fr-FR"}]}},"_links":{"self":[{"href":"https:\/\/petales-france.fr\/index.php\/wp-json\/wp\/v2\/pages\/297","targetHints":{"allow":["GET"]}}],"collection":[{"href":"https:\/\/petales-france.fr\/index.php\/wp-json\/wp\/v2\/pages"}],"about":[{"href":"https:\/\/petales-france.fr\/index.php\/wp-json\/wp\/v2\/types\/page"}],"author":[{"embeddable":true,"href":"https:\/\/petales-france.fr\/index.php\/wp-json\/wp\/v2\/users\/2"}],"replies":[{"embeddable":true,"href":"https:\/\/petales-france.fr\/index.php\/wp-json\/wp\/v2\/comments?post=297"}],"version-history":[{"count":27,"href":"https:\/\/petales-france.fr\/index.php\/wp-json\/wp\/v2\/pages\/297\/revisions"}],"predecessor-version":[{"id":649,"href":"https:\/\/petales-france.fr\/index.php\/wp-json\/wp\/v2\/pages\/297\/revisions\/649"}],"wp:attachment":[{"href":"https:\/\/petales-france.fr\/index.php\/wp-json\/wp\/v2\/media?parent=297"}],"curies":[{"name":"wp","href":"https:\/\/api.w.org\/{rel}","templated":true}]}}