{"id":29,"date":"2016-11-09T14:49:08","date_gmt":"2016-11-09T13:49:08","guid":{"rendered":"http:\/\/petales-france.fr\/?page_id=29"},"modified":"2024-08-28T14:17:18","modified_gmt":"2024-08-28T12:17:18","slug":"ecoute-et-soutien","status":"publish","type":"page","link":"https:\/\/petales-france.fr\/index.php\/ecoute-et-soutien\/","title":{"rendered":"\u00c9coute et Soutien"},"content":{"rendered":"<div id=\"pl-29\"  class=\"panel-layout\" ><div id=\"pg-29-0\"  class=\"panel-grid panel-no-style\" ><div id=\"pgc-29-0-0\"  class=\"panel-grid-cell\" ><div id=\"panel-29-0-0-0\" class=\"so-panel widget widget_sow-editor panel-first-child panel-last-child\" data-index=\"0\" ><div\n\t\t\t\n\t\t\tclass=\"so-widget-sow-editor so-widget-sow-editor-base\"\n\t\t\t\n\t\t>\n<div class=\"siteorigin-widget-tinymce textwidget\">\n\t<h3>Vous avez envie de parler, d\u2019\u00e9changer ?<\/h3>\n<p>Vous pouvez contacter les b\u00e9n\u00e9voles de l\u2019association<\/p>\n<p>voir tableau des horaires ci-dessous (attention les plages horaires sont susceptibles d'\u00eatre modifi\u00e9es en fonction de la disponibilit\u00e9 des b\u00e9n\u00e9voles qui assurent ce service)<\/p>\n<p><img loading=\"lazy\" decoding=\"async\" class=\"alignnone size-medium wp-image-2012\" src=\"http:\/\/petales-france.fr\/wp-content\/uploads\/2024\/08\/petales-france-horaires-ecoute-300x300.png\" alt=\"\" width=\"300\" height=\"300\" srcset=\"https:\/\/petales-france.fr\/wp-content\/uploads\/2024\/08\/petales-france-horaires-ecoute-300x300.png 300w, https:\/\/petales-france.fr\/wp-content\/uploads\/2024\/08\/petales-france-horaires-ecoute-150x150.png 150w, https:\/\/petales-france.fr\/wp-content\/uploads\/2024\/08\/petales-france-horaires-ecoute-768x768.png 768w, https:\/\/petales-france.fr\/wp-content\/uploads\/2024\/08\/petales-france-horaires-ecoute-100x100.png 100w, https:\/\/petales-france.fr\/wp-content\/uploads\/2024\/08\/petales-france-horaires-ecoute-200x200.png 200w, https:\/\/petales-france.fr\/wp-content\/uploads\/2024\/08\/petales-france-horaires-ecoute-450x450.png 450w, https:\/\/petales-france.fr\/wp-content\/uploads\/2024\/08\/petales-france-horaires-ecoute-600x600.png 600w, https:\/\/petales-france.fr\/wp-content\/uploads\/2024\/08\/petales-france-horaires-ecoute-900x900.png 900w, https:\/\/petales-france.fr\/wp-content\/uploads\/2024\/08\/petales-france-horaires-ecoute.png 964w\" sizes=\"auto, (max-width: 300px) 100vw, 300px\" \/><\/p>\n<\/div>\n<\/div><\/div><\/div><div id=\"pgc-29-0-1\"  class=\"panel-grid-cell\" ><div id=\"panel-29-0-1-0\" class=\"so-panel widget widget_sow-editor panel-first-child panel-last-child\" data-index=\"1\" ><div\n\t\t\t\n\t\t\tclass=\"so-widget-sow-editor so-widget-sow-editor-base\"\n\t\t\t\n\t\t>\n<div class=\"siteorigin-widget-tinymce textwidget\">\n\t<h3>Vous pr\u00e9f\u00e9rez \u00e9crire ?<\/h3>\n<p><a href=\"mailto:soutienpetalesfrance@orange.fr\">contactez soutien@<\/a><\/p>\n<p>Dans le souci de r\u00e9pondre \u00e0 votre mail le plus justement et le plus sereinement possible, vous ne recevrez en principe notre r\u00e9ponse que dans un d\u00e9lai sup\u00e9rieur \u00e0 48\u00a0heures<\/p>\n<p><img loading=\"lazy\" decoding=\"async\" class=\"alignleft size-medium wp-image-525\" src=\"http:\/\/petales-france.fr\/wp-content\/uploads\/2017\/03\/ombrelle_petalesfrance_attachement-300x225.jpg\" alt=\"\" width=\"300\" height=\"225\" \/><\/p>\n<\/div>\n<\/div><\/div><\/div><\/div><\/div>","protected":false},"excerpt":{"rendered":"<p>Vous avez envie de parler, d\u2019\u00e9changer ? Vous pouvez contacter les b\u00e9n\u00e9voles de l\u2019association voir tableau des horaires ci-dessous (attention les plages horaires sont susceptibles d&rsquo;\u00eatre modifi\u00e9es en fonction de la disponibilit\u00e9 des b\u00e9n\u00e9voles qui assurent ce service) Vous pr\u00e9f\u00e9rez<span class=\"ellipsis\">&hellip;<\/span><\/p>\n<div class=\"read-more\"><a href=\"https:\/\/petales-france.fr\/index.php\/ecoute-et-soutien\/\">Lire la suite <span class=\"screen-reader-text\">\u00c9coute et Soutien<\/span><span class=\"meta-nav\"> &#8250;<\/span><\/a><\/div>\n<p><!-- end of .read-more --><\/p>\n","protected":false},"author":2,"featured_media":0,"parent":0,"menu_order":0,"comment_status":"closed","ping_status":"closed","template":"","meta":{"footnotes":""},"class_list":["post-29","page","type-page","status-publish","hentry"],"yoast_head":"<!-- This site is optimized with the Yoast SEO plugin v25.6 - https:\/\/yoast.com\/wordpress\/plugins\/seo\/ -->\n<title>Ecoute soutien,t\u00e9l\u00e9phone mail, anonymat,confidentialit\u00e9,attachement<\/title>\n<meta name=\"description\" content=\"difficult\u00e9s du quotidien,mensonges,vols,affabulation,violence,enfants tyrans, chercher aide,appeler pour parler,ecoute,soutien,attachement,adoption\" \/>\n<meta name=\"robots\" content=\"index, follow, max-snippet:-1, max-image-preview:large, max-video-preview:-1\" \/>\n<link rel=\"canonical\" href=\"https:\/\/petales-france.fr\/index.php\/ecoute-et-soutien\/\" \/>\n<meta property=\"og:locale\" content=\"fr_FR\" \/>\n<meta property=\"og:type\" content=\"article\" \/>\n<meta property=\"og:title\" content=\"Ecoute soutien,t\u00e9l\u00e9phone mail, anonymat,confidentialit\u00e9,attachement\" \/>\n<meta property=\"og:description\" content=\"difficult\u00e9s du quotidien,mensonges,vols,affabulation,violence,enfants tyrans, chercher aide,appeler pour parler,ecoute,soutien,attachement,adoption\" \/>\n<meta property=\"og:url\" content=\"https:\/\/petales-france.fr\/index.php\/ecoute-et-soutien\/\" \/>\n<meta property=\"og:site_name\" content=\"PETALES france\" \/>\n<meta property=\"article:modified_time\" content=\"2024-08-28T12:17:18+00:00\" \/>\n<meta property=\"og:image\" content=\"http:\/\/petales-france.fr\/wp-content\/uploads\/2024\/08\/petales-france-horaires-ecoute-300x300.png\" \/>\n<meta name=\"twitter:card\" content=\"summary_large_image\" \/>\n<meta name=\"twitter:label1\" content=\"Dur\u00e9e de lecture estim\u00e9e\" \/>\n\t<meta name=\"twitter:data1\" content=\"1 minute\" \/>\n<script type=\"application\/ld+json\" class=\"yoast-schema-graph\">{\"@context\":\"https:\/\/schema.org\",\"@graph\":[{\"@type\":\"WebPage\",\"@id\":\"https:\/\/petales-france.fr\/index.php\/ecoute-et-soutien\/\",\"url\":\"https:\/\/petales-france.fr\/index.php\/ecoute-et-soutien\/\",\"name\":\"Ecoute soutien,t\u00e9l\u00e9phone mail, anonymat,confidentialit\u00e9,attachement\",\"isPartOf\":{\"@id\":\"https:\/\/petales-france.fr\/#website\"},\"primaryImageOfPage\":{\"@id\":\"https:\/\/petales-france.fr\/index.php\/ecoute-et-soutien\/#primaryimage\"},\"image\":{\"@id\":\"https:\/\/petales-france.fr\/index.php\/ecoute-et-soutien\/#primaryimage\"},\"thumbnailUrl\":\"http:\/\/petales-france.fr\/wp-content\/uploads\/2024\/08\/petales-france-horaires-ecoute-300x300.png\",\"datePublished\":\"2016-11-09T13:49:08+00:00\",\"dateModified\":\"2024-08-28T12:17:18+00:00\",\"description\":\"difficult\u00e9s du quotidien,mensonges,vols,affabulation,violence,enfants tyrans, chercher aide,appeler pour parler,ecoute,soutien,attachement,adoption\",\"breadcrumb\":{\"@id\":\"https:\/\/petales-france.fr\/index.php\/ecoute-et-soutien\/#breadcrumb\"},\"inLanguage\":\"fr-FR\",\"potentialAction\":[{\"@type\":\"ReadAction\",\"target\":[\"https:\/\/petales-france.fr\/index.php\/ecoute-et-soutien\/\"]}]},{\"@type\":\"ImageObject\",\"inLanguage\":\"fr-FR\",\"@id\":\"https:\/\/petales-france.fr\/index.php\/ecoute-et-soutien\/#primaryimage\",\"url\":\"http:\/\/petales-france.fr\/wp-content\/uploads\/2024\/08\/petales-france-horaires-ecoute-300x300.png\",\"contentUrl\":\"http:\/\/petales-france.fr\/wp-content\/uploads\/2024\/08\/petales-france-horaires-ecoute-300x300.png\"},{\"@type\":\"BreadcrumbList\",\"@id\":\"https:\/\/petales-france.fr\/index.php\/ecoute-et-soutien\/#breadcrumb\",\"itemListElement\":[{\"@type\":\"ListItem\",\"position\":1,\"name\":\"Accueil\",\"item\":\"https:\/\/petales-france.fr\/\"},{\"@type\":\"ListItem\",\"position\":2,\"name\":\"\u00c9coute et Soutien\"}]},{\"@type\":\"WebSite\",\"@id\":\"https:\/\/petales-france.fr\/#website\",\"url\":\"https:\/\/petales-france.fr\/\",\"name\":\"PETALES france\",\"description\":\"PETALES france\",\"potentialAction\":[{\"@type\":\"SearchAction\",\"target\":{\"@type\":\"EntryPoint\",\"urlTemplate\":\"https:\/\/petales-france.fr\/?s={search_term_string}\"},\"query-input\":{\"@type\":\"PropertyValueSpecification\",\"valueRequired\":true,\"valueName\":\"search_term_string\"}}],\"inLanguage\":\"fr-FR\"}]}<\/script>\n<!-- \/ Yoast SEO plugin. -->","yoast_head_json":{"title":"Ecoute soutien,t\u00e9l\u00e9phone mail, anonymat,confidentialit\u00e9,attachement","description":"difficult\u00e9s du quotidien,mensonges,vols,affabulation,violence,enfants tyrans, chercher aide,appeler pour parler,ecoute,soutien,attachement,adoption","robots":{"index":"index","follow":"follow","max-snippet":"max-snippet:-1","max-image-preview":"max-image-preview:large","max-video-preview":"max-video-preview:-1"},"canonical":"https:\/\/petales-france.fr\/index.php\/ecoute-et-soutien\/","og_locale":"fr_FR","og_type":"article","og_title":"Ecoute soutien,t\u00e9l\u00e9phone mail, anonymat,confidentialit\u00e9,attachement","og_description":"difficult\u00e9s du quotidien,mensonges,vols,affabulation,violence,enfants tyrans, chercher aide,appeler pour parler,ecoute,soutien,attachement,adoption","og_url":"https:\/\/petales-france.fr\/index.php\/ecoute-et-soutien\/","og_site_name":"PETALES france","article_modified_time":"2024-08-28T12:17:18+00:00","og_image":[{"url":"http:\/\/petales-france.fr\/wp-content\/uploads\/2024\/08\/petales-france-horaires-ecoute-300x300.png","type":"","width":"","height":""}],"twitter_card":"summary_large_image","twitter_misc":{"Dur\u00e9e de lecture estim\u00e9e":"1 minute"},"schema":{"@context":"https:\/\/schema.org","@graph":[{"@type":"WebPage","@id":"https:\/\/petales-france.fr\/index.php\/ecoute-et-soutien\/","url":"https:\/\/petales-france.fr\/index.php\/ecoute-et-soutien\/","name":"Ecoute soutien,t\u00e9l\u00e9phone mail, anonymat,confidentialit\u00e9,attachement","isPartOf":{"@id":"https:\/\/petales-france.fr\/#website"},"primaryImageOfPage":{"@id":"https:\/\/petales-france.fr\/index.php\/ecoute-et-soutien\/#primaryimage"},"image":{"@id":"https:\/\/petales-france.fr\/index.php\/ecoute-et-soutien\/#primaryimage"},"thumbnailUrl":"http:\/\/petales-france.fr\/wp-content\/uploads\/2024\/08\/petales-france-horaires-ecoute-300x300.png","datePublished":"2016-11-09T13:49:08+00:00","dateModified":"2024-08-28T12:17:18+00:00","description":"difficult\u00e9s du quotidien,mensonges,vols,affabulation,violence,enfants tyrans, chercher aide,appeler pour parler,ecoute,soutien,attachement,adoption","breadcrumb":{"@id":"https:\/\/petales-france.fr\/index.php\/ecoute-et-soutien\/#breadcrumb"},"inLanguage":"fr-FR","potentialAction":[{"@type":"ReadAction","target":["https:\/\/petales-france.fr\/index.php\/ecoute-et-soutien\/"]}]},{"@type":"ImageObject","inLanguage":"fr-FR","@id":"https:\/\/petales-france.fr\/index.php\/ecoute-et-soutien\/#primaryimage","url":"http:\/\/petales-france.fr\/wp-content\/uploads\/2024\/08\/petales-france-horaires-ecoute-300x300.png","contentUrl":"http:\/\/petales-france.fr\/wp-content\/uploads\/2024\/08\/petales-france-horaires-ecoute-300x300.png"},{"@type":"BreadcrumbList","@id":"https:\/\/petales-france.fr\/index.php\/ecoute-et-soutien\/#breadcrumb","itemListElement":[{"@type":"ListItem","position":1,"name":"Accueil","item":"https:\/\/petales-france.fr\/"},{"@type":"ListItem","position":2,"name":"\u00c9coute et Soutien"}]},{"@type":"WebSite","@id":"https:\/\/petales-france.fr\/#website","url":"https:\/\/petales-france.fr\/","name":"PETALES france","description":"PETALES france","potentialAction":[{"@type":"SearchAction","target":{"@type":"EntryPoint","urlTemplate":"https:\/\/petales-france.fr\/?s={search_term_string}"},"query-input":{"@type":"PropertyValueSpecification","valueRequired":true,"valueName":"search_term_string"}}],"inLanguage":"fr-FR"}]}},"_links":{"self":[{"href":"https:\/\/petales-france.fr\/index.php\/wp-json\/wp\/v2\/pages\/29","targetHints":{"allow":["GET"]}}],"collection":[{"href":"https:\/\/petales-france.fr\/index.php\/wp-json\/wp\/v2\/pages"}],"about":[{"href":"https:\/\/petales-france.fr\/index.php\/wp-json\/wp\/v2\/types\/page"}],"author":[{"embeddable":true,"href":"https:\/\/petales-france.fr\/index.php\/wp-json\/wp\/v2\/users\/2"}],"replies":[{"embeddable":true,"href":"https:\/\/petales-france.fr\/index.php\/wp-json\/wp\/v2\/comments?post=29"}],"version-history":[{"count":26,"href":"https:\/\/petales-france.fr\/index.php\/wp-json\/wp\/v2\/pages\/29\/revisions"}],"predecessor-version":[{"id":2013,"href":"https:\/\/petales-france.fr\/index.php\/wp-json\/wp\/v2\/pages\/29\/revisions\/2013"}],"wp:attachment":[{"href":"https:\/\/petales-france.fr\/index.php\/wp-json\/wp\/v2\/media?parent=29"}],"curies":[{"name":"wp","href":"https:\/\/api.w.org\/{rel}","templated":true}]}}